
Calculate the remainder when 39995 is divided by 18.
17
Calculate the remainder when 402333 is divided by 48.
45
What is the remainder when 8794 is divided by 267?
250
What is the remainder when 6210 is divided by 3099?
12
Calculate the remainder when 28459 is divided by 73.
62
Calculate the remainder when 5011 is divided by 264.
259
What is the remainder when 2089 is divided by 71?
30
Calculate the remainder when 172223 is divided by 2823.
20
Calculate the remainder when 2075 is divided by 329.
101
Calculate the remainder when 42453 is divided by 10601.
49
Calculate the remainder when 3916 is divided by 1287.
55
Calculate the remainder when 8486 is divided by 2119.
10
What is the remainder when 133342 is divided by 361?
133
What is the remainder when 5538 is divided by 363?
93
What is the remainder when 3908 is divided by 393?
371
Calculate the remainder when 819 is divided by 118.
111
Calculate the remainder when 111798 is divided by 172.
170
Calculate the remainder when 19261 is divided by 586.
509
What is the remainder when 5023 is divided by 37?
28
What is the remainder when 2854 is divided by 705?
34
What is the remainder when 28678 is divided by 22?
12
Calculate the remainder when 343691 is divided by 6.
5
What is the remainder when 41 is divided by 28?
13
What is the remainder when 436 is divided by 24?
4
Calculate the remainder when 61777 is divided by 2059.
7
What is the remainder when 27010 is divided by 13504?
2
Calculate the remainder when 3368 is divided by 27.
20
Calculate the remainder when 12291 is divided by 1374.
1299
What is the remainder when 6248 is divided by 3122?
4
Calculate the remainder when 43811 is divided by 24.
11
What is the remainder when 199720 is divided by 4991?
80
Calculate the remainder when 5867 is divided by 258.
191
Calculate the remainder when 45995 is divided by 9196.
15
What is the remainder when 21039 is divided by 21023?
16
What is the remainder when 6403 is divided by 6321?
82
Calculate the remainder when 10249 is divided by 137.
111
Calculate the remainder when 3641 is divided by 1182.
95
Calculate the remainder when 1120893 is divided by 168.
165
Calculate the remainder when 92887 is divided by 46406.
75
What is the remainder when 105309 is divided by 35?
29
Calculate the remainder when 1340 is divided by 354.
278
What is the remainder when 270581 is divided by 105?
101
What is the remainder when 23209 is divided by 5791?
45
Calculate the remainder when 79406 is divided by 153.
152
What is the remainder when 111226 is divided by 78?
76
Calculate the remainder when 801003 is divided by 1068.
3
Calculate the remainder when 39211 is divided by 299.
42
Calculate the remainder when 22565 is divided by 64.
37
Calculate the remainder when 12456 is divided by 187.
114
What is the remainder when 16707 is divided by 1285?
2
What is the remainder when 6858 is divided by 12?
6
What is the remainder when 5051 is divided by 732?
659
Calculate the remainder when 38226 is divided by 57.
36
Calculate the remainder when 1712339 is divided by 1134.
1133
What is the remainder when 201897 is divided by 322?
3
Calculate the remainder when 3425583 is divided by 1055.
1053
Calculate the remainder when 534814 is divided by 288.
286
Calculate the remainder when 5875 is divided by 26.
25
Calculate the remainder when 204075 is divided by 59.
53
What is the remainder when 1810 is divided by 107?
98
What is the remainder when 9605 is divided by 125?
105
What is the remainder when 15861 is divided by 2265?
6
Calculate the remainder when 359 is divided by 347.
12
What is the remainder when 3643 is divided by 63?
52
Calculate the remainder when 34250 is divided by 519.
515
Calculate the remainder when 69006 is divided by 284.
278
What is the remainder when 4412 is divided by 4391?
21
Calculate the remainder when 4427 is divided by 26.
7
What is the remainder when 2456007 is divided by 30?
27
What is the remainder when 25074 is divided by 165?
159
Calculate the remainder when 10745 is divided by 10588.
157
What is the remainder when 215230 is divided by 15?
10
Calculate the remainder when 24328 is divided by 153.
1
Calculate the remainder when 1751 is divided by 33.
2
Calculate the remainder when 5520 is divided by 184.
0
Calculate the remainder when 112794 is divided by 747.
744
Calculate the remainder when 119211 is divided by 87.
21
Calculate the remainder when 1375 is divided by 660.
55
What is the remainder when 38860 is divided by 220?
140
What is the remainder when 37528 is divided by 783?
727
Calculate the remainder when 80037 is divided by 173.
111
Calculate the remainder when 559869 is divided by 81.
78
Calculate the remainder when 466447 is divided by 233214.
19
What is the remainder when 24334 is divided by 786?
754
What is the remainder when 73986 is divided by 245?
241
What is the remainder when 223081 is divided by 5719?
40
What is the remainder when 760546 is divided by 287?
283
Calculate the remainder when 8166 is divided by 8140.
26
Calculate the remainder when 6837 is divided by 152.
149
What is the remainder when 8110 is divided by 41?
33
Calculate the remainder when 614568 is divided by 850.
18
What is the remainder when 119366 is divided by 172?
170
Calculate the remainder when 3501 is divided by 21.
15
Calculate the remainder when 11667 is divided by 3866.
69
Calculate the remainder when 460472 is divided by 1137.
1124
What is the remainder when 18424 is divided by 2615?
119
What is the remainder when 1196 is divided by 853?
343
What is the remainder when 1033 is divided by 54?
7
What is the remainder when 1247404 is divided by 67?
65
Calculate the remainder when 22048 is divided by 109.
30
Calculate the remainder when 12411 is divided by 3093.
39
Calculate the remainder when 3875 is divided by 335.
190
Calculate the remainder when 2023 is divided by 263.
182
What is the remainder when 65003 is divided by 21649?
56
Calculate the remainder when 9791 is divided by 453.
278
What is the remainder when 657 is divided by 230?
197
What is the remainder when 3716 is divided by 57?
11
Calculate the remainder when 217166 is divided by 55.
26
Calculate the remainder when 424495 is divided by 500.
495
What is the remainder when 7086 is divided by 104?
14
Calculate the remainder when 1034 is divided by 150.
134
What is the remainder when 849947 is divided by 89?
86
Calculate the remainder when 23275 is divided by 2097.
208
Calculate the remainder when 816003 is divided by 16.
3
What is the remainder when 100885 is divided by 233?
229
What is the remainder when 16062 is divided by 1239?
1194
Calculate the remainder when 1119 is divided by 609.
510
What is the remainder when 4708 is divided by 74?
46
What is the remainder when 646 is divided by 316?
14
Calculate the remainder when 6449 is divided by 211.
119
What is the remainder when 31405 is divided by 1427?
11
What is the remainder when 15762 is divided by 15692?
70
What is the remainder when 1700677 is divided by 328?
325
What is the remainder when 760148 is divided by 616?
4
What is the remainder when 142705 is divided by 82?
25
What is the remainder when 109821 is divided by 1445?
1
What is the remainder when 11137 is divided by 741?
22
What is the remainder when 72962 is divided by 28?
22
Calculate the remainder when 5559 is divided by 5.
4
What is the remainder when 445 is divided by 338?
107
Calculate the remainder when 6369 is divided by 674.
303
Calculate the remainder when 7295 is divided by 36.
23
Calculate the remainder when 2685 is divided by 54.
39
What is the remainder when 7809 is divided by 1560?
9
Calculate the remainder when 102771 is divided by 8.
3
Calculate the remainder when 2797 is divided by 423.
259
What is the remainder when 527796 is divided by 70?
66
What is the remainder when 3375 is divided by 3258?
117
Calculate the remainder when 7246 is divided by 20.
6
What is the remainder when 693 is divided by 102?
81
What is the remainder when 46412 is divided by 193?
92
Calculate the remainder when 1733 is divided by 56.
53
What is the remainder when 6922 is divided by 216?
10
Calculate the remainder when 1443845 is divided by 6.
5
Calculate the remainder when 4901 is divided by 245.
1
Calculate the remainder when 6397 is divided by 9.
7
Wh